122201 + -100211?
-122000112
In base 6, what is -10 + 10225354201?
10225354151
In base 16, what is 10b112 + -65?
10b0ad
In base 2, what is -100111000000001011 - 101000110?
-100111000101010001
In base 5, what is 143204410 + -3?
143204402
In base 7, what is 14234 + 25626?
43163
In base 4, what is -113000023 - 332?
-113001021
In base 8, what is 127421563 + -1?
127421562
In base 7, what is 505104 - 1321?
503453
In base 5, what is -11104014102 + -3?
-11104014110
In base 7, what is -11352 + -1133204?
-1144556
In base 5, what is -1332310141 + 121?
-1332310020
In base 14, what is 3426402 + -4?
34263dc
In base 11, what is 144a05 - -41?
144a46
In base 5, what is 11 - -11104420220?
11104420231
In base 7, what is 5211022245 + -5?
5211022240
In base 11, what is -240055a - -2?
-2400558
In base 13, what is acc8 - -1027?
c022
In base 2, what is -1100101110 - -11111110100101?
11110001110111
In base 16, what is -3e2259 + -2?
-3e225b
In base 9, what is 1113 - -58766?
60880
In base 12, what is 2 + 44b914?
44b916
In base 2, what is -1000 + -1000001000010001100100?
-1000001000010001101100
In base 8, what is -1115256 - -12?
-1115244
In base 5, what is 14 + 241220?
241234
In base 9, what is 308800717 + -1?
308800716
In base 15, what is b6ce7c5 + 5?
b6ce7ca
In base 15, what is 9b79c + 1a?
9b7b7
In base 9, what is -1 - 123466521?
-123466522
In base 16, what is 7db65b + -20?
7db63b
In base 8, what is 1211714 - -4?
1211720
In base 10, what is -1 + -30829?
-30830
In base 5, what is 1432103 - 13420?
1413133
In base 13, what is 303 - 92bc?
-8cb9
In base 7, what is -12 + -3236345424?
-3236345436
In base 10, what is 4 - -2567052?
2567056
In base 11, what is -5a38 + a81a?
4892
In base 14, what is 72c + 9c1c4?
9c912
In base 6, what is -22150 - 1454?
-24044
In base 10, what is -1135990 - 1?
-1135991
In base 13, what is -599 + 3a2658?
3a208c
In base 7, what is -143 + -25242014?
-25242160
In base 15, what is 297d - -58dd?
836b
In base 7, what is -51465 + -6061?
-60556
In base 16, what is -7 + -c60172?
-c60179
In base 14, what is -4460db - -4?
-4460d7
In base 16, what is -1ad14039 - -5?
-1ad14034
In base 10, what is 363963 + -8?
363955
In base 6, what is -135353541 - 50?
-135354031
In base 7, what is -12 + -25503221?
-25503233
In base 14, what is -3b62615 + 5?
-3b62610
In base 6, what is -1030043114 - 335?
-1030043453
In base 10, what is 2170266 + 5?
2170271
In base 7, what is 206352 + 31?
206413
In base 15, what is -26ace0 - 5?
-26ace5
In base 4, what is -10 + -102332021233301?
-102332021233311
In base 3, what is -11110012101222 - -111?
-11110012101111
In base 3, what is 1110000100 + 121210?
1110122010
In base 6, what is 114405332 + 34?
114405410
In base 15, what is -14c0b - -87?
-14b74
In base 14, what is 1 - -640ca?
640cb
In base 9, what is 5 - -27002046?
27002052
In base 10, what is 2 - -30827?
30829
In base 15, what is 2 - 2395c3?
-2395c1
In base 8, what is -476 + 744432?
743734
In base 13, what is 2 + -26c81b?
-26c819
In base 11, what is -44 + -1a9a73a?
-1a9a783
In base 13, what is 11114 - -2ab?
113c2
In base 2, what is -10010011100 - -11011111010000?
11001100110100
In base 5, what is 12343010012 + 10?
12343010022
In base 16, what is -6099 - 863?
-68fc
In base 14, what is -2a8a2dd0 + 1?
-2a8a2dcd
In base 9, what is 5 + 717266323?
717266328
In base 6, what is 2320232 - -21355?
2342031
In base 5, what is 113202414 + 331?
113203300
In base 6, what is -20 - 124455223?
-124455243
In base 3, what is -2021111111020 + 11?
-2021111111002
In base 15, what is -4 + 68e9c7?
68e9c3
In base 15, what is -1 - 6a8c03?
-6a8c04
In base 4, what is -3022 - -103012320?
103003232
In base 12, what is -a - -218282a?
2182820
In base 8, what is 7 + 126462?
126471
In base 5, what is 0 - -14404211?
14404211
In base 13, what is -13189c + 5?
-131897
In base 7, what is -21 + 201221051?
201221030
In base 6, what is 25 + -11124202?
-11124133
In base 6, what is 2431505414 - 1?
2431505413
In base 13, what is -2 - -694b39?
694b37
In base 14, what is -2 + 138b8b3?
138b8b1
In base 13, what is 3038c + -95?
302c7
In base 15, what is -460d - 16?
-4624
In base 13, what is -366 - -66872?
66509
In base 9, what is -14123 - -15678?
1555
In base 4, what is -13311310 + 23010?
-13222300
In base 6, what is -2132303 - 1154?
-2133501
In base 6, what is 4 + -41331231503?
-41331231455
In base 2, what is 111101100111000001001 + -1?
111101100111000001000
In base 6, what is 20 + -5051404423?
-5051404403
In base 10, what is 11 - 8270215?
-8270204
In base 8, what is -6610 + 32617?
24007
In base 7, what is -110514 + -15?
-110532
In base 5, what is -110 - 1023434331?
-1023434441
In base 6, what is 0 - 125324415?
-125324415
In base 15, what is -1 - 46e62c6?
-46e62c7
In base 5, what is -22223433324 + 133?
-22223433141
In base 15, what is 235d + 58d?
28eb
In base 16, what is 37cd23cc + -3?
37cd23c9
In base 2, what is -1011001110111110110110110101 - 10?
-1011001110111110110110110111
In base 15, what is 2 + 2297598?
229759a
In base 10, what is 14708391 - 14?
14708377
In base 4, what is 0 - 30032132022?
-30032132022
In base 10, what is -1 + 517942?
517941
In base 2, what is -1111111100011101000011000 - -101?
-1111111100011101000010011
In base 4, what is 231232 - 11322323?
-11031031
In base 8, what is 2153 - -106174?
110347
In base 6, what is -53434033 - -100?
-53433533
In base 16, what is -a646 - -10d?
-a539
In base 9, what is -8635 - 886?
-10632
In base 6, what is -5 - -523311244?
523311235
In base 4, what is 12 - 10213013021023?
-10213013021011
In base 5, what is -210101344 - 1224?
-210103123
In base 12, what is -2114 + -2589?
-46a1
In base 3, what is -1222 + -202101221122?
-202102000121
In base 13, what is -92 - -2b5b30?
2b5a6b
In base 11, what is -45 + 42880?
42836
In base 15, what is -5c5085 - -4?
-5c5081
In base 10, what is -34562 - -108?
-34454
In base 3, what is 101021222210 - -2020201?
101101020111
In base 3, what is 1221 + -10212110111?
-10212101120
In base 10, what is 19906918 - 0?
19906918
In base 5, what is 11300 - -1342041?
1403341
In base 9, what is 8622 + 517?
10240
In base 5, what is 143320 - 1014410?
-321040
In base 4, what is -2022020 + 122030?
-1233330
In base 10, what is 8333535 + 30?
8333565
In base 13, what is 0 + -263567?
-263567
In base 15, what is -8 - -247099?
247091
In base 10, what is 124 - -155340?
155464
In base 12, what is -49b23 + 10?
-49b13
In base 5, what is 340022312 - -3?
340022320
In base 11, what is -2 + 350964a7?
350964a5
In base 12, what is -38 + -100147?
-100183
In base 10, what is 53 - -6719247?
6719300
In base 4, what is 22102310101 + 1031?
22102311132
In base 4, what is 102301231213 - 2?
102301231211
In base 10, what is 1 + -380886?
-380885
In base 14, what is -347932 + -d?
-347941
In base 5, what is 1043213 + -42404?
1000304
In base 14, what is 709c - -d3?
7191
In base 2, what is 1000001001010011000100111 - -10101?
1000001001010011000111100
In base 4, what is -11322 + -10033102322?
-10033120310
In base 16, what is 10045 - 888?
f7bd
In base 15, what is -a6d199bc + 4?
-a6d199b8
In base 8, what is -244620455 + -6?
-244620463
In base 14, what is -5100 + -38d1?
-89d1
In base 5, what is 40 - 21213422421?
-21213422331
In base 6, what is -11124045 + -543?
-11125032
In base 3, what is -2111021 + 100011010?
20122212
In base 11, what is -33a3961 + 47?
-33a3915
In base 6, what is 1044230145 + 2?
1044230151
In base 8, what is 1460170 + 1?
1460171
In base 4, what is -231320010 + -110?
-231320120
In base 10, what is 8 + -26916368?
-26916360
In base 16, what is -27021 - 1d?
-2703e
In base 4, what is 113030333301 + 0?
113030333301
In base 8, what is -15 + -3507371?
-3507406
In base 10, what is 80000046 - 3?
80000043
In base 7, what is 26010231 - 20?
26010211
In base 15, what is 3 + -89be4e?
-89be4b
In base 8, what is -253561 + -2247?
-256030
In base 4, what is 10 + 1110301103?
1110301113
In base 14, what is 532a + 11778?
16aa4
In base 14, what is 5 + -1679dc?
-1679d7
In base 7, what is -3 + 54114013?
54114010
In base 13, what is 1928 - -c?
1937
In base 12, what is -1a3b72 + 5?
-1a3b69
In base 3, what is 12 + 100202010222101?
100202010222120
In base 5, what is 2 + -20234310114?
-20234310112
In base 7, what is 4 - 152635150?
-152635143
In base 2, what is 1000011001110100001111 + 11111100?
1000011001111000001011
